{"id":17918,"date":"2022-10-13T02:43:48","date_gmt":"2022-10-13T07:43:48","guid":{"rendered":"https:\/\/www.quipux.com\/web\/politicas-de-cumplimiento-de-la-normativa\/"},"modified":"2024-12-17T07:27:37","modified_gmt":"2024-12-17T12:27:37","slug":"politicas-de-cumplimiento-de-la-normativa","status":"publish","type":"page","link":"https:\/\/www.quipux.com\/web\/politicas-de-cumplimiento-de-la-normativa\/","title":{"rendered":"Pol\u00edticas de cumplimiento de la normativa"},"content":{"rendered":"<section class=\"wpb-content-wrapper\"><p>[vc_row bg_color=&#8221;#262236&#8243; top_padding=&#8221;150&#8243; bottom_padding=&#8221;150&#8243;][vc_column][vc_custom_heading text=&#8221;Pol\u00edticas de cumplimiento de la normativa&#8221; font_container=&#8221;tag:div|font_size:50px|text_align:left|color:%23ffffff|line_height:54px&#8221; use_theme_fonts=&#8221;yes&#8221; el_class=&#8221;bold-custom-headings&#8221;][vc_empty_space height=&#8221;20&#8243;][\/vc_column][\/vc_row][vc_row full_width=&#8221;stretch_row_content_no_spaces&#8221; type=&#8221;full_width_content&#8221; bottom_padding=&#8221;50&#8243;][vc_column css=&#8221;.vc_custom_1667501304756{padding-right: 20px !important;padding-left: 20px !important;}&#8221;][vc_tta_tabs shape=&#8221;square&#8221; color=&#8221;white&#8221; spacing=&#8221;5&#8243; alignment=&#8221;center&#8221; active_section=&#8221;1&#8243; css_animation=&#8221;none&#8221; css=&#8221;.vc_custom_1667501897993{padding-right: 10px !important;padding-left: 10px !important;}&#8221;][vc_tta_section title=&#8221;Pol\u00edtica de tratamiento de datos&#8221; tab_id=&#8221;politica&#8221;][vc_empty_space height=&#8221;80&#8243; el_class=&#8221;display-none-cel&#8221;][vc_row_inner css=&#8221;.vc_custom_1667500804868{padding-right: 0px !important;padding-left: 0px !important;}&#8221;][vc_column_inner width=&#8221;2\/5&#8243;][block_title style=&#8221;column_title&#8221; inner_style=&#8221;inline_border_circle&#8221; title=&#8221;Transparencia y responsabilidad&#8221;][\/block_title][\/vc_column_inner][vc_column_inner width=&#8221;3\/5&#8243;][vc_custom_heading text=&#8221;Contar con una Pol\u00edtica de Tratamiento de Datos y un C\u00f3digo de \u00c9tica tiene para nosotros el objetivo de describir comportamientos o conductas que nos ayuden a fortalecer la confianza con nuestros grupos de inter\u00e9s, buscando as\u00ed mantener una cultura de transparencia y rendici\u00f3n de cuentas, bajo lineamientos de conducta que nos permitan desarrollar nuestro trabajo desde la prudencia y el buen criterio \u00e9tico y profesional.&#8221; font_container=&#8221;tag:p|text_align:left&#8221; use_theme_fonts=&#8221;yes&#8221;][\/vc_column_inner][\/vc_row_inner][vc_empty_space height=&#8221;80&#8243; el_class=&#8221;display-none-cel&#8221;][vc_row_inner css=&#8221;.vc_custom_1667500925082{padding-bottom: 80px !important;}&#8221;][vc_column_inner width=&#8221;3\/5&#8243;][vc_single_image image=&#8221;16689&#8243; img_size=&#8221;full&#8221;][\/vc_column_inner][vc_column_inner width=&#8221;2\/5&#8243;][vc_custom_heading text=&#8221;La presente pol\u00edtica se expide en cumplimiento de la Ley 1581 de 2012 y su Decreto Reglamentario 1377 de 2013, con el prop\u00f3sito de asegurar el cumplimiento de dicha normatividad y dar un adecuado tratamiento a los datos personales, garantizando los derechos de los titulares.&#8221; font_container=&#8221;tag:p|text_align:left&#8221; use_theme_fonts=&#8221;yes&#8221;][vc_empty_space height=&#8221;15&#8243;][vc_raw_html]PGRpdiBjbGFzcz0id3BiX3dyYXBwZXIiPjxkaXYgY2xhc3M9IndwYl9jb250ZW50X2VsZW1lbnQgYnV0dG9uICI+PGEgY2xhc3M9ImJ0bi1idCBhbGlnbi1sZWZ0IGRlZmF1bHQiIGhyZWY9Imh0dHBzOi8vd3d3LnF1aXB1eC5jb20vd2ViL3dwLWNvbnRlbnQvdXBsb2Fkcy8yMDIyLzExL1BPTElUSUNBLVRSQVRBTUlFTlRPLURBVE9TLTEzLTEwLTIwLS5wZGYiIHRhcmdldD0iX2JsYW5rIiByZWw9Im5vb3BlbmVyIiBkYXRhLW1jZS1ocmVmPSJodHRwczovL3d3dy5xdWlwdXguY29tL3dlYi93cC1jb250ZW50L3VwbG9hZHMvMjAyMi8xMS9QT0xJVElDQS1UUkFUQU1JRU5UTy1EQVRPUy0xMy0xMC0yMC0ucGRmIj5EZXNjw6FyZ2FsbyBhcXXDrTwvYT48L2Rpdj48L2Rpdj4=[\/vc_raw_html][\/vc_column_inner][\/vc_row_inner][\/vc_tta_section][vc_tta_section title=&#8221;C\u00f3digo de \u00e9tica y buena gobernanza&#8221; tab_id=&#8221;1665622443084-37a55aac-5e38&#8243;][vc_empty_space height=&#8221;80&#8243; el_class=&#8221;display-none-cel&#8221;][vc_row_inner][vc_column_inner width=&#8221;2\/5&#8243;][block_title style=&#8221;column_title&#8221; inner_style=&#8221;inline_border_circle&#8221; title=&#8221;Una gu\u00eda esencial para el d\u00eda a d\u00eda de la empresa&#8221;][\/block_title][\/vc_column_inner][vc_column_inner width=&#8221;3\/5&#8243;][vc_custom_heading text=&#8221;Es el reglamento que legaliza el comportamiento profesional de todos los colaboradores de la empresa y los orienta para que act\u00faen de acuerdo con los valores de Quipux durante el desarrollo de su trabajo. Cabe destacar que su violaci\u00f3n ser\u00e1 sancionada a trav\u00e9s del procedimiento establecido.&#8221; font_container=&#8221;tag:p|text_align:left&#8221; use_theme_fonts=&#8221;yes&#8221;][\/vc_column_inner][\/vc_row_inner][vc_empty_space height=&#8221;80&#8243; el_class=&#8221;display-none-cel&#8221;][vc_row_inner css=&#8221;.vc_custom_1667501450847{padding-bottom: 80px !important;}&#8221;][vc_column_inner width=&#8221;3\/5&#8243;][vc_single_image image=&#8221;16690&#8243; img_size=&#8221;full&#8221;][\/vc_column_inner][vc_column_inner width=&#8221;2\/5&#8243;][vc_custom_heading text=&#8221;La \u00e9tica es la esencia de una organizaci\u00f3n, lo que define su presencia en el mercado y lo que est\u00e1 en la base de las decisiones de cada miembro de nuestra compa\u00f1\u00eda. Su importancia radica en que es a la vez gu\u00eda y columna vertebral en la construcci\u00f3n de la credibilidad de nuestro trabajo, pero sobre todo, de nuestro ADN.&#8221; font_container=&#8221;tag:p|text_align:left&#8221; use_theme_fonts=&#8221;yes&#8221;][vc_empty_space height=&#8221;15&#8243;][vc_raw_html]PGRpdiBjbGFzcz0id3BiX3dyYXBwZXIiPg0KPGRpdiBjbGFzcz0id3BiX2NvbnRlbnRfZWxlbWVudCBidXR0b24gIj48YSBjbGFzcz0iYnRuLWJ0IGFsaWduLWxlZnQgZGVmYXVsdCIgaHJlZj0iaHR0cHM6Ly93d3cucXVpcHV4LmNvbS93ZWIvd3AtY29udGVudC91cGxvYWRzLzIwMjIvMTEvQ29kaWdvX2RlX0V0aWNhX3lfQnVlbl9Hb2JpZXJub19GSU5BTC5wZGYiIHRhcmdldD0iX2JsYW5rIiByZWw9Im5vb3BlbmVyIj5EZXNjw6FyZ2FsbyBhcXXDrTwvYT48L2Rpdj4NCjwvZGl2Pg==[\/vc_raw_html][\/vc_column_inner][\/vc_row_inner][\/vc_tta_section][vc_tta_section title=&#8221;SAGRILAFT&#8221; tab_id=&#8221;1665623005471-e6383b06-2ccb&#8221;][vc_empty_space height=&#8221;80&#8243; el_class=&#8221;display-none-cel&#8221;][vc_row_inner][vc_column_inner][block_title style=&#8221;column_title&#8221; inner_style=&#8221;inline_border_circle&#8221; title=&#8221;El SAGRILAFT tiene los siguientes objetivos&#8221;][\/block_title][\/vc_column_inner][\/vc_row_inner][vc_empty_space height=&#8221;40&#8243; el_class=&#8221;display-none-cel&#8221;][vc_row_inner css=&#8221;.vc_custom_1667501675593{padding-bottom: 80px !important;}&#8221;][vc_column_inner width=&#8221;2\/5&#8243;][vc_single_image image=&#8221;16691&#8243; img_size=&#8221;full&#8221;][\/vc_column_inner][vc_column_inner width=&#8221;3\/5&#8243;][vc_custom_heading text=&#8221;Establecer lineamientos y controles para gestionar el riesgo de LAFT\/FPADM, evitando que Quipux sea utilizado como instrumento para lavar activos, financiar el terrorismo o financiar la proliferaci\u00f3n de armas de destrucci\u00f3n masiva. Promover, al interior de la empresa, la cultura de Autocontrol y Gesti\u00f3n del Riesgo de LAFT\/FPADM definiendo los roles y responsabilidades de cada uno de los accionistas, empleados, socios y proveedores frente a la SAGRILAFT. Establecer pol\u00edticas y procedimientos internos que permitan a todos los empleados, funcionarios, directivos y administradores de la empresa contar con criterios objetivos y t\u00e9cnicos sobre la prevenci\u00f3n del lavado de activos, la financiaci\u00f3n del terrorismo y la financiaci\u00f3n de la proliferaci\u00f3n de armas de destrucci\u00f3n masiva.&#8221; font_container=&#8221;tag:p|text_align:left&#8221; use_theme_fonts=&#8221;yes&#8221;][vc_empty_space height=&#8221;15&#8243;][vc_raw_html]JTNDZGl2JTIwY2xhc3MlM0QlMjJ3cGJfd3JhcHBlciUyMiUzRSUwQSUzQ2RpdiUyMGNsYXNzJTNEJTIyd3BiX2NvbnRlbnRfZWxlbWVudCUyMGJ1dHRvbiUyMCUyMiUzRSUzQ2ElMjBjbGFzcyUzRCUyMmJ0bi1idCUyMGFsaWduLWxlZnQlMjBkZWZhdWx0JTIyJTIwaHJlZiUzRCUyMmh0dHBzJTNBJTJGJTJGd3d3LnF1aXB1eC5jb20lMkZ3ZWIlMkZ3cC1jb250ZW50JTJGdXBsb2FkcyUyRjIwMjQlMkYxMiUyRk1BTlVBTC1TQUdSSUxBRlQtUVVJUFVYLVZGMy0wMDItMS5wZGYlMjIlMjB0YXJnZXQlM0QlMjJfYmxhbmslMjIlMjByZWwlM0QlMjJub29wZW5lciUyMiUzRURlc2MlQzMlQTFyZ2FsbyUyMGFxdSVDMyVBRCUzQyUyRmElM0UlM0MlMkZkaXYlM0UlMEElM0NkaXYlM0UlM0MlMkZkaXYlM0UlMEElM0MlMkZkaXYlM0U=[\/vc_raw_html][\/vc_column_inner][\/vc_row_inner][\/vc_tta_section][vc_tta_section title=&#8221;PTEE&#8221; tab_id=&#8221;1665623004495-57f9da4f-4b93&#8243;][vc_empty_space height=&#8221;80&#8243; el_class=&#8221;display-none-cel&#8221;][vc_row_inner][vc_column_inner width=&#8221;2\/5&#8243;][block_title style=&#8221;column_title&#8221; inner_style=&#8221;inline_border_circle&#8221; title=&#8221;Programas de transparencia y \u00e9tica empresarial&#8221;]PTEE[\/block_title][\/vc_column_inner][vc_column_inner width=&#8221;3\/5&#8243;][vc_custom_heading text=&#8221;Quipux se compromete a cumplir con las normas nacionales e internacionales aplicables para el combate y prevenci\u00f3n del soborno y la corrupci\u00f3n transnacional, asumiendo una conducta de cero tolerancia a estas pr\u00e1cticas delictivas y buscando garantizar la integridad, transparencia y \u00e9tica en el desarrollo de su objeto social y en la actuaci\u00f3n de sus contrapartes.&#8221; font_container=&#8221;tag:p|text_align:left&#8221; use_theme_fonts=&#8221;yes&#8221;][\/vc_column_inner][\/vc_row_inner][vc_empty_space height=&#8221;80&#8243; el_class=&#8221;display-none-cel&#8221;][vc_row_inner css=&#8221;.vc_custom_1667501700272{padding-bottom: 80px !important;}&#8221;][vc_column_inner width=&#8221;3\/5&#8243;][vc_single_image image=&#8221;16692&#8243; img_size=&#8221;full&#8221;][\/vc_column_inner][vc_column_inner width=&#8221;2\/5&#8243;][vc_custom_heading text=&#8221;Por ello, se ha implementado el Manual de Cumplimiento de los Programas de Transparencia y \u00c9tica Empresarial, a trav\u00e9s del cual se establecen y dan a conocer las pol\u00edticas y procedimientos obligatorios que todos los accionistas, directivos, empleados, socios, clientes y proveedores deben acatar durante el tiempo que est\u00e9n vinculados a la empresa.&#8221; font_container=&#8221;tag:p|text_align:left&#8221; use_theme_fonts=&#8221;yes&#8221;][vc_empty_space height=&#8221;15&#8243;][vc_raw_html]JTNDZGl2JTIwY2xhc3MlM0QlMjJ3cGJfd3JhcHBlciUyMiUzRSUwQSUzQ2RpdiUyMGNsYXNzJTNEJTIyd3BiX2NvbnRlbnRfZWxlbWVudCUyMGJ1dHRvbiUyMCUyMiUzRSUzQ2ElMjBjbGFzcyUzRCUyMmJ0bi1idCUyMGFsaWduLWxlZnQlMjBkZWZhdWx0JTIyJTIwaHJlZiUzRCUyMmh0dHBzJTNBJTJGJTJGd3d3LnF1aXB1eC5jb20lMkZ3ZWIlMkZ3cC1jb250ZW50JTJGdXBsb2FkcyUyRjIwMjQlMkYxMiUyRk1hbnVhbC1kZS1UcmFuc3BhcmVuY2lhLXktRXRpY2EtRW1wcmVzYXJpYWwtUFRFRS1RVUlQVVgtVi0xLjEucGRmJTIyJTIwdGFyZ2V0JTNEJTIyX2JsYW5rJTIyJTIwcmVsJTNEJTIybm9vcGVuZXIlMjIlM0VEZXNjJUMzJUExcmdhbG8lMjBhcXUlQzMlQUQlM0MlMkZhJTNFJTNDJTJGZGl2JTNFJTBBJTNDJTJGZGl2JTNF[\/vc_raw_html][\/vc_column_inner][\/vc_row_inner][\/vc_tta_section][\/vc_tta_tabs][\/vc_column][\/vc_row]<\/p>\n<\/section>","protected":false},"excerpt":{"rendered":"<p>[vc_row bg_color=&#8221;#262236&#8243; top_padding=&#8221;150&#8243; bottom_padding=&#8221;150&#8243;][vc_column][vc_custom_heading text=&#8221;Pol\u00edticas de cumplimiento de la normativa&#8221; font_container=&#8221;tag:div|font_size:50px|text_align:left|color:%23ffffff|line_height:54px&#8221; use_theme_fonts=&#8221;yes&#8221; el_class=&#8221;bold-custom-headings&#8221;][vc_empty_space height=&#8221;20&#8243;][\/vc_column][\/vc_row][vc_row full_width=&#8221;stretch_row_content_no_spaces&#8221; type=&#8221;full_width_content&#8221; bottom_padding=&#8221;50&#8243;][vc_column css=&#8221;.vc_custom_1667501304756{padding-right: 20px !important;padding-left: 20px !important;}&#8221;][vc_tta_tabs shape=&#8221;square&#8221; color=&#8221;white&#8221; spacing=&#8221;5&#8243; alignment=&#8221;center&#8221; active_section=&#8221;1&#8243; css_animation=&#8221;none&#8221; css=&#8221;.vc_custom_1667501897993{padding-right: 10px !important;padding-left: 10px !important;}&#8221;][vc_tta_section title=&#8221;Pol\u00edtica de tratamiento de datos&#8221; tab_id=&#8221;politica&#8221;][vc_empty_space height=&#8221;80&#8243; el_class=&#8221;display-none-cel&#8221;][vc_row_inner css=&#8221;.vc_custom_1667500804868{padding-right: 0px !important;padding-left: 0px !important;}&#8221;][vc_column_inner width=&#8221;2\/5&#8243;][block_title style=&#8221;column_title&#8221; inner_style=&#8221;inline_border_circle&#8221; title=&#8221;Transparencia y responsabilidad&#8221;][\/block_title][\/vc_column_inner][vc_column_inner width=&#8221;3\/5&#8243;][vc_custom_heading text=&#8221;Contar con [&hellip;]<\/p>\n","protected":false},"author":1,"featured_media":0,"parent":0,"menu_order":0,"comment_status":"closed","ping_status":"closed","template":"","meta":{"footnotes":""},"class_list":["post-17918","page","type-page","status-publish","hentry"],"yoast_head":"<!-- This site is optimized with the Yoast SEO Premium plugin v15.6.2 - https:\/\/yoast.com\/wordpress\/plugins\/seo\/ -->\n<title>Pol\u00edticas de cumplimiento de la normativa | Quipux<\/title>\n<meta name=\"robots\" content=\"index, follow, max-snippet:-1, max-image-preview:large, max-video-preview:-1\" \/>\n<link rel=\"canonical\" href=\"https:\/\/www.quipux.com\/web\/politicas-de-cumplimiento-de-la-normativa\/\" \/>\n<meta property=\"og:locale\" content=\"es_ES\" \/>\n<meta property=\"og:type\" content=\"article\" \/>\n<meta property=\"og:title\" content=\"Pol\u00edticas de cumplimiento de la normativa | Quipux\" \/>\n<meta property=\"og:description\" content=\"[vc_row bg_color=&#8221;#262236&#8243; top_padding=&#8221;150&#8243; bottom_padding=&#8221;150&#8243;][vc_column][vc_custom_heading text=&#8221;Pol\u00edticas de cumplimiento de la normativa&#8221; font_container=&#8221;tag:div|font_size:50px|text_align:left|color:%23ffffff|line_height:54px&#8221; use_theme_fonts=&#8221;yes&#8221; el_class=&#8221;bold-custom-headings&#8221;][vc_empty_space height=&#8221;20&#8243;][\/vc_column][\/vc_row][vc_row full_width=&#8221;stretch_row_content_no_spaces&#8221; type=&#8221;full_width_content&#8221; bottom_padding=&#8221;50&#8243;][vc_column css=&#8221;.vc_custom_1667501304756{padding-right: 20px !important;padding-left: 20px !important;}&#8221;][vc_tta_tabs shape=&#8221;square&#8221; color=&#8221;white&#8221; spacing=&#8221;5&#8243; alignment=&#8221;center&#8221; active_section=&#8221;1&#8243; css_animation=&#8221;none&#8221; css=&#8221;.vc_custom_1667501897993{padding-right: 10px !important;padding-left: 10px !important;}&#8221;][vc_tta_section title=&#8221;Pol\u00edtica de tratamiento de datos&#8221; tab_id=&#8221;politica&#8221;][vc_empty_space height=&#8221;80&#8243; el_class=&#8221;display-none-cel&#8221;][vc_row_inner css=&#8221;.vc_custom_1667500804868{padding-right: 0px !important;padding-left: 0px !important;}&#8221;][vc_column_inner width=&#8221;2\/5&#8243;][block_title style=&#8221;column_title&#8221; inner_style=&#8221;inline_border_circle&#8221; title=&#8221;Transparencia y responsabilidad&#8221;][\/block_title][\/vc_column_inner][vc_column_inner width=&#8221;3\/5&#8243;][vc_custom_heading text=&#8221;Contar con [&hellip;]\" \/>\n<meta property=\"og:url\" content=\"https:\/\/www.quipux.com\/web\/politicas-de-cumplimiento-de-la-normativa\/\" \/>\n<meta property=\"og:site_name\" content=\"Quipux\" \/>\n<meta property=\"article:modified_time\" content=\"2024-12-17T12:27:37+00:00\" \/>\n<meta name=\"twitter:card\" content=\"summary_large_image\" \/>\n<meta name=\"twitter:label1\" content=\"Tiempo de lectura\">\n\t<meta name=\"twitter:data1\" content=\"3 minutos\">\n<script type=\"application\/ld+json\" class=\"yoast-schema-graph\">{\"@context\":\"https:\/\/schema.org\",\"@graph\":[{\"@type\":\"Organization\",\"@id\":\"https:\/\/www.quipux.com\/web\/#organization\",\"name\":\"Quipux\",\"url\":\"https:\/\/www.quipux.com\/web\/\",\"sameAs\":[],\"logo\":{\"@type\":\"ImageObject\",\"@id\":\"https:\/\/www.quipux.com\/web\/#logo\",\"inLanguage\":\"es\",\"url\":\"https:\/\/www.quipux.com\/web\/wp-content\/uploads\/2022\/10\/Logo-quipux-1.png\",\"width\":195,\"height\":41,\"caption\":\"Quipux\"},\"image\":{\"@id\":\"https:\/\/www.quipux.com\/web\/#logo\"}},{\"@type\":\"WebSite\",\"@id\":\"https:\/\/www.quipux.com\/web\/#website\",\"url\":\"https:\/\/www.quipux.com\/web\/\",\"name\":\"Quipux\",\"description\":\"\",\"publisher\":{\"@id\":\"https:\/\/www.quipux.com\/web\/#organization\"},\"potentialAction\":[{\"@type\":\"SearchAction\",\"target\":\"https:\/\/www.quipux.com\/web\/?s={search_term_string}\",\"query-input\":\"required name=search_term_string\"}],\"inLanguage\":\"es\"},{\"@type\":\"WebPage\",\"@id\":\"https:\/\/www.quipux.com\/web\/politicas-de-cumplimiento-de-la-normativa\/#webpage\",\"url\":\"https:\/\/www.quipux.com\/web\/politicas-de-cumplimiento-de-la-normativa\/\",\"name\":\"Pol\\u00edticas de cumplimiento de la normativa | Quipux\",\"isPartOf\":{\"@id\":\"https:\/\/www.quipux.com\/web\/#website\"},\"datePublished\":\"2022-10-13T07:43:48+00:00\",\"dateModified\":\"2024-12-17T12:27:37+00:00\",\"inLanguage\":\"es\",\"potentialAction\":[{\"@type\":\"ReadAction\",\"target\":[\"https:\/\/www.quipux.com\/web\/politicas-de-cumplimiento-de-la-normativa\/\"]}]}]}<\/script>\n<!-- \/ Yoast SEO Premium plugin. -->","_links":{"self":[{"href":"https:\/\/www.quipux.com\/web\/wp-json\/wp\/v2\/pages\/17918","targetHints":{"allow":["GET"]}}],"collection":[{"href":"https:\/\/www.quipux.com\/web\/wp-json\/wp\/v2\/pages"}],"about":[{"href":"https:\/\/www.quipux.com\/web\/wp-json\/wp\/v2\/types\/page"}],"author":[{"embeddable":true,"href":"https:\/\/www.quipux.com\/web\/wp-json\/wp\/v2\/users\/1"}],"replies":[{"embeddable":true,"href":"https:\/\/www.quipux.com\/web\/wp-json\/wp\/v2\/comments?post=17918"}],"version-history":[{"count":5,"href":"https:\/\/www.quipux.com\/web\/wp-json\/wp\/v2\/pages\/17918\/revisions"}],"predecessor-version":[{"id":19324,"href":"https:\/\/www.quipux.com\/web\/wp-json\/wp\/v2\/pages\/17918\/revisions\/19324"}],"wp:attachment":[{"href":"https:\/\/www.quipux.com\/web\/wp-json\/wp\/v2\/media?parent=17918"}],"curies":[{"name":"wp","href":"https:\/\/api.w.org\/{rel}","templated":true}]}}