{"id":20397,"date":"2022-10-26T12:20:23","date_gmt":"2022-10-26T17:20:23","guid":{"rendered":"https:\/\/www.quipux.com\/web\/director\/"},"modified":"2025-03-13T06:43:48","modified_gmt":"2025-03-13T11:43:48","slug":"director","status":"publish","type":"page","link":"https:\/\/www.quipux.com\/web\/director\/?lang=pt-br","title":{"rendered":"Diretor"},"content":{"rendered":"<section class=\"wpb-content-wrapper\"><p>[vc_row full_width=&#8221;stretch_row_content_no_spaces&#8221; parallax=&#8221;content-moving-fade&#8221; bg_image=&#8221;17107&#8243; bg_color=&#8221;#262236&#8243; text_color=&#8221;light&#8221; top_padding=&#8221;150&#8243; bottom_padding=&#8221;150&#8243;][vc_column][vc_custom_heading text=&#8221;Diretor&#8221; font_container=&#8221;tag:h1|text_align:left|color:%23ffffff&#8221; use_theme_fonts=&#8221;yes&#8221; css=&#8221;.vc_custom_1741862988349{padding-top: 80px !important;padding-right: 20px !important;padding-left: 20px !important;}&#8221;][\/vc_column][\/vc_row][vc_row top_padding=&#8221;40&#8243;][vc_column][vc_row_inner][vc_column_inner width=&#8221;2\/3&#8243;][block_title style=&#8221;column_title&#8221; inner_style=&#8221;inline_border_circle&#8221; title=&#8221;O Diretor funciona na nuvem, permite interagir ao longo do dia de forma constante com as bases de dados!&#8221;][\/block_title][\/vc_column_inner][vc_column_inner width=&#8221;1\/3&#8243;][\/vc_column_inner][\/vc_row_inner][vc_row_inner css=&#8221;.vc_custom_1665161964085{padding-top: 20px !important;}&#8221;][vc_column_inner width=&#8221;1\/6&#8243;][\/vc_column_inner][vc_column_inner width=&#8221;2\/4&#8243;][vc_custom_heading text=&#8221;O Diretor \u00e9 um servi\u00e7o que analisa os dados de cada opera\u00e7\u00e3o, para monitorizar e fazer previs\u00f5es sobre padr\u00f5es de comportamento, gerar alertas e m\u00e9tricas para uma gest\u00e3o adequada dos processos cr\u00edticos do projeto.&#8221; font_container=&#8221;tag:p|text_align:left&#8221; use_theme_fonts=&#8221;yes&#8221;][\/vc_column_inner][\/vc_row_inner][\/vc_column][\/vc_row][vc_row top_padding=&#8221;80&#8243;][vc_column][vc_video link=&#8221;https:\/\/vimeo.com\/589880501\/96ad8aa397&#8243; align=&#8221;center&#8221;][\/vc_column][\/vc_row][vc_row top_padding=&#8221;40&#8243;][vc_column][block_title title=&#8221;Possui m\u00f3dulos que permitem consultar, transformar e exportar informa\u00e7\u00e3o sem necessidade de interven\u00e7\u00e3o humana, transformando estas ac\u00e7\u00f5es em processos aut\u00f3nomos.&#8221;][\/block_title][vc_custom_heading text=&#8221;Para tomar medidas imediatas, o Diretor envia alertas atrav\u00e9s de&#8221; font_container=&#8221;tag:h3|text_align:center&#8221; use_theme_fonts=&#8221;yes&#8221;][vc_row_inner css=&#8221;.vc_custom_1667529885199{margin-top: 5% !important;}&#8221;][vc_column_inner width=&#8221;1\/4&#8243;][\/vc_column_inner][vc_column_inner width=&#8221;1\/4&#8243;][services_small icon_color=&#8221;#6411d9&#8243; dynamic_content_type=&#8221;content&#8221; icon=&#8221;moon-bubbles-10&#8243;]Telegram[\/services_small][\/vc_column_inner][vc_column_inner width=&#8221;1\/4&#8243;][services_small icon_color=&#8221;#6411d9&#8243; dynamic_content_type=&#8221;content&#8221; icon=&#8221;moon-dashboard&#8221;]Pain\u00e9is pr\u00f3prios[\/services_small][\/vc_column_inner][vc_column_inner width=&#8221;1\/4&#8243;][\/vc_column_inner][\/vc_row_inner][\/vc_column][\/vc_row][vc_row full_width=&#8221;stretch_row_content_no_spaces&#8221; type=&#8221;full_width_content&#8221; top_padding=&#8221;80&#8243; bottom_padding=&#8221;20&#8243;][vc_column width=&#8221;1\/2&#8243; css=&#8221;.vc_custom_1667509358980{padding-right: 10% !important;}&#8221;][vc_single_image image=&#8221;20005&#8243; img_size=&#8221;600&#215;500&#8243; alignment=&#8221;right&#8221;][\/vc_column][vc_column width=&#8221;1\/2&#8243; css=&#8221;.vc_custom_1667572490639{padding-right: 10% !important;}&#8221;][vc_empty_space height=&#8221;70px&#8221;][block_title style=&#8221;column_title&#8221; inner_style=&#8221;inline_border_circle&#8221; title=&#8221;O Diretor ajuda a prestar o melhor servi\u00e7o gra\u00e7as a v\u00e1rios componentes&#8221;][\/block_title][list icon=&#8221;moon-circle-small&#8221;][list_item title=&#8221;Indicadores e estat\u00edsticas que permitem analisar o desempenho da opera\u00e7\u00e3o ao longo de um intervalo de datas.&#8221;][list_item title=&#8221;Indicadores e estat\u00edsticas, com atualiza\u00e7\u00e3o permanente, que permitem analisar a informa\u00e7\u00e3o do que acontece na opera\u00e7\u00e3o durante o dia.&#8221;][list_item title=&#8221;Alertas sobre processos que requerem aten\u00e7\u00e3o durante o dia, tais como: tempos de atendimento longos, balc\u00f5es de atendimento com pouca ou muita procura, necessidades de ativa\u00e7\u00e3o de balc\u00f5es, entre outros.&#8221;][\/list][\/vc_column][\/vc_row][vc_section css=&#8221;.vc_custom_1663274817623{margin-bottom: 10% !important;}&#8221;][vc_row][vc_column][block_title title=&#8221;Benef\u00edcios&#8221;][\/block_title][\/vc_column][\/vc_row][vc_row][vc_column width=&#8221;1\/3&#8243;][services_small icon_color=&#8221;#6411d9&#8243; dynamic_content_type=&#8221;content&#8221; icon=&#8221;moon-checkmark-3&#8243;]As decis\u00f5es podem ser tomadas, de forma \u00e1gil e consciente, com base nas informa\u00e7\u00f5es fornecidas pelos alertas programados.[\/services_small][\/vc_column][vc_column width=&#8221;1\/3&#8243;][services_small icon_color=&#8221;#6411d9&#8243; dynamic_content_type=&#8221;content&#8221; icon=&#8221;moon-checkmark-3&#8243;]\u00c9 poss\u00edvel observar e analisar informa\u00e7\u00e3o atualizada sobre o comportamento da opera\u00e7\u00e3o, dos colaboradores, identificar procedimentos priorit\u00e1rios e otimizar o servi\u00e7o a pessoa.[\/services_small][\/vc_column][vc_column width=&#8221;1\/3&#8243;][services_small icon_color=&#8221;#6411d9&#8243; dynamic_content_type=&#8221;content&#8221; icon=&#8221;moon-checkmark-3&#8243;]Transforma os processos manuais* em processos autom\u00e1ticos com controle aut\u00f4nomo.[\/services_small][\/vc_column][\/vc_row][\/vc_section][vc_row gap=&#8221;20&#8243; content_placement=&#8221;middle&#8221; type=&#8221;full_width_background&#8221; bg_image=&#8221;16913&#8243; bg_position=&#8221;center bottom&#8221; parallax_bg=&#8221;true&#8221; bg_color=&#8221;rgba(38,34,54,0.88)&#8221; overlay=&#8221;true&#8221; overlay_color=&#8221;rgba(38,34,54,0.9)&#8221; text_color=&#8221;light&#8221; top_padding=&#8221;40&#8243; bottom_padding=&#8221;40&#8243; class=&#8221;margin-cero&#8221;][vc_column css=&#8221;.vc_custom_1667530158267{padding-top: 80px !important;padding-bottom: 60px !important;padding-left: 6% !important;}&#8221;][block_title style=&#8221;column_title&#8221; inner_style=&#8221;inline_border_circle&#8221; title=&#8221;Funcionalidades do Diretor&#8221;][\/block_title][vc_row_inner][vc_column_inner width=&#8221;1\/2&#8243;][list icon=&#8221;icon-cogs&#8221;][list_item style=&#8221;titledesc&#8221; desc=&#8221;<strong>Monitors platforms,<\/strong> servers, and services.&#8221;][list_item style=&#8221;titledesc&#8221; desc=&#8221;Permite consultar e <strong>consolidar informa\u00e7\u00e3o em dashboards de BI<\/strong>.&#8221;][list_item style=&#8221;titledesc&#8221; desc=&#8221;Monitoriza o <strong>processo de atendimento<\/strong> do cidad\u00e3o no balc\u00e3o de atendimento e permite tomar medidas para ajustar o processo de atendimento com informa\u00e7\u00f5es em tempo real.&#8221;][list_item style=&#8221;titledesc&#8221; desc=&#8221;<strong>Detecta a prescri\u00e7\u00e3o de infra\u00e7\u00f5es de tr\u00e2nsito<\/strong> atrav\u00e9s do <strong>uso de modelos de previs\u00e3o e probabilidade,<\/strong> que permitem implementar a\u00e7\u00f5es para evitar a expira\u00e7\u00e3o da multa.&#8221;][\/list][\/vc_column_inner][vc_column_inner width=&#8221;1\/2&#8243;][list icon=&#8221;icon-cogs&#8221;][list_item style=&#8221;titledesc&#8221; desc=&#8221;<strong>Monitorar a fotodetec\u00e7\u00e3o<\/strong> cameras.&#8221;][list_item style=&#8221;titledesc&#8221; desc=&#8221;Executa o <strong>monitoramento dos SLAs<\/strong> dos procedimentos operacionais.&#8221;][list_item style=&#8221;titledesc&#8221; desc=&#8221;Determina quando os processos anal\u00edticos s\u00e3o executados. <strong>Gera alertas e reprograma a\u00e7\u00f5es em caso de falha.<\/strong>&#8220;][list_item style=&#8221;titledesc&#8221; desc=&#8221;Aut\u00f4nomo <strong>consolida\u00e7\u00e3o de informa\u00e7\u00f5es para campanhas.<\/strong>&#8220;][\/list][\/vc_column_inner][\/vc_row_inner][\/vc_column][\/vc_row][vc_section disable_element=&#8221;yes&#8221; css=&#8221;.vc_custom_1678463100102{margin-bottom: 8% !important;}&#8221;][vc_row type=&#8221;full_width_content&#8221; bg_color=&#8221;#f3f4f7&#8243; top_padding=&#8221;30&#8243; bottom_padding=&#8221;30&#8243;][vc_column width=&#8221;1\/3&#8243; centered_cont=&#8221;true&#8221; centered_cont_vertical=&#8221;true&#8221;][block_title inner_style_title=&#8221;only_text&#8221; title=&#8221;Clients&#8221;][\/block_title][\/vc_column][vc_column width=&#8221;2\/3&#8243; css=&#8221;.vc_custom_1664235627909{padding-right: 6% !important;}&#8221;]<p style=\"color:#cf7e16;background:#fff5e8;padding:10px;font-size:16px;border:1px solid #f1d7b5;border-radius:4px;line-height:1.6;\">GS Logo Slider: The shortcode with the ID of <strong>2<\/strong> was not found.<\/p>[\/vc_column][\/vc_row][\/vc_section][vc_row][vc_column width=&#8221;1\/4&#8243; css=&#8221;.vc_custom_1663356676248{padding-top: 80px !important;}&#8221;][vc_custom_heading text=&#8221;Salba mais sobre&#8221; font_container=&#8221;tag:h1|text_align:left&#8221; use_theme_fonts=&#8221;yes&#8221; css=&#8221;.vc_custom_1741866044244{padding-top: 30px !important;}&#8221;][vc_custom_heading text=&#8221;As nossas solu\u00e7\u00f5es&#8221; font_container=&#8221;tag:h1|text_align:left|color:%234e0da9&#8243; use_theme_fonts=&#8221;yes&#8221;][\/vc_column][vc_column width=&#8221;3\/4&#8243; column_padding=&#8221;5%&#8221;][recent_portfolio style=&#8221;basic_effect&#8221; columns=&#8221;3&#8243; carousel=&#8221;no&#8221; from_where=&#8221;cat&#8221; category=&#8221;36&#8243;][\/vc_column][\/vc_row]<\/p>\n<\/section>","protected":false},"excerpt":{"rendered":"<p>[vc_row full_width=&#8221;stretch_row_content_no_spaces&#8221; parallax=&#8221;content-moving-fade&#8221; bg_image=&#8221;17107&#8243; bg_color=&#8221;#262236&#8243; text_color=&#8221;light&#8221; top_padding=&#8221;150&#8243; bottom_padding=&#8221;150&#8243;][vc_column][vc_custom_heading text=&#8221;Diretor&#8221; font_container=&#8221;tag:h1|text_align:left|color:%23ffffff&#8221; use_theme_fonts=&#8221;yes&#8221; css=&#8221;.vc_custom_1741862988349{padding-top: 80px !important;padding-right: 20px !important;padding-left: 20px !important;}&#8221;][\/vc_column][\/vc_row][vc_row top_padding=&#8221;40&#8243;][vc_column][vc_row_inner][vc_column_inner width=&#8221;2\/3&#8243;][block_title style=&#8221;column_title&#8221; inner_style=&#8221;inline_border_circle&#8221; title=&#8221;O Diretor funciona na nuvem, permite interagir ao longo do dia de forma constante com as bases de dados!&#8221;][\/block_title][\/vc_column_inner][vc_column_inner width=&#8221;1\/3&#8243;][\/vc_column_inner][\/vc_row_inner][vc_row_inner css=&#8221;.vc_custom_1665161964085{padding-top: 20px !important;}&#8221;][vc_column_inner width=&#8221;1\/6&#8243;][\/vc_column_inner][vc_column_inner width=&#8221;2\/4&#8243;][vc_custom_heading text=&#8221;O Diretor \u00e9 um servi\u00e7o que analisa os [&hellip;]<\/p>\n","protected":false},"author":1,"featured_media":0,"parent":0,"menu_order":0,"comment_status":"closed","ping_status":"closed","template":"","meta":{"footnotes":""},"class_list":["post-20397","page","type-page","status-publish","hentry"],"yoast_head":"<!-- This site is optimized with the Yoast SEO Premium plugin v15.6.2 - https:\/\/yoast.com\/wordpress\/plugins\/seo\/ -->\n<title>Diretor | Quipux<\/title>\n<meta name=\"robots\" content=\"index, follow, max-snippet:-1, max-image-preview:large, max-video-preview:-1\" \/>\n<link rel=\"canonical\" href=\"https:\/\/www.quipux.com\/web\/director\/?lang=pt-br\" \/>\n<meta property=\"og:locale\" content=\"es_ES\" \/>\n<meta property=\"og:type\" content=\"article\" \/>\n<meta property=\"og:title\" content=\"Diretor | Quipux\" \/>\n<meta property=\"og:description\" content=\"[vc_row full_width=&#8221;stretch_row_content_no_spaces&#8221; parallax=&#8221;content-moving-fade&#8221; bg_image=&#8221;17107&#8243; bg_color=&#8221;#262236&#8243; text_color=&#8221;light&#8221; top_padding=&#8221;150&#8243; bottom_padding=&#8221;150&#8243;][vc_column][vc_custom_heading text=&#8221;Diretor&#8221; font_container=&#8221;tag:h1|text_align:left|color:%23ffffff&#8221; use_theme_fonts=&#8221;yes&#8221; css=&#8221;.vc_custom_1741862988349{padding-top: 80px !important;padding-right: 20px !important;padding-left: 20px !important;}&#8221;][\/vc_column][\/vc_row][vc_row top_padding=&#8221;40&#8243;][vc_column][vc_row_inner][vc_column_inner width=&#8221;2\/3&#8243;][block_title style=&#8221;column_title&#8221; inner_style=&#8221;inline_border_circle&#8221; title=&#8221;O Diretor funciona na nuvem, permite interagir ao longo do dia de forma constante com as bases de dados!&#8221;][\/block_title][\/vc_column_inner][vc_column_inner width=&#8221;1\/3&#8243;][\/vc_column_inner][\/vc_row_inner][vc_row_inner css=&#8221;.vc_custom_1665161964085{padding-top: 20px !important;}&#8221;][vc_column_inner width=&#8221;1\/6&#8243;][\/vc_column_inner][vc_column_inner width=&#8221;2\/4&#8243;][vc_custom_heading text=&#8221;O Diretor \u00e9 um servi\u00e7o que analisa os [&hellip;]\" \/>\n<meta property=\"og:url\" content=\"https:\/\/www.quipux.com\/web\/director\/?lang=pt-br\" \/>\n<meta property=\"og:site_name\" content=\"Quipux\" \/>\n<meta property=\"article:modified_time\" content=\"2025-03-13T11:43:48+00:00\" \/>\n<meta name=\"twitter:card\" content=\"summary_large_image\" \/>\n<meta name=\"twitter:label1\" content=\"Tiempo de lectura\">\n\t<meta name=\"twitter:data1\" content=\"3 minutos\">\n<script type=\"application\/ld+json\" class=\"yoast-schema-graph\">{\"@context\":\"https:\/\/schema.org\",\"@graph\":[{\"@type\":\"Organization\",\"@id\":\"https:\/\/www.quipux.com\/web\/#organization\",\"name\":\"Quipux\",\"url\":\"https:\/\/www.quipux.com\/web\/\",\"sameAs\":[],\"logo\":{\"@type\":\"ImageObject\",\"@id\":\"https:\/\/www.quipux.com\/web\/#logo\",\"inLanguage\":\"es\",\"url\":\"https:\/\/www.quipux.com\/web\/wp-content\/uploads\/2022\/10\/Logo-quipux-1.png\",\"width\":195,\"height\":41,\"caption\":\"Quipux\"},\"image\":{\"@id\":\"https:\/\/www.quipux.com\/web\/#logo\"}},{\"@type\":\"WebSite\",\"@id\":\"https:\/\/www.quipux.com\/web\/#website\",\"url\":\"https:\/\/www.quipux.com\/web\/\",\"name\":\"Quipux\",\"description\":\"\",\"publisher\":{\"@id\":\"https:\/\/www.quipux.com\/web\/#organization\"},\"potentialAction\":[{\"@type\":\"SearchAction\",\"target\":\"https:\/\/www.quipux.com\/web\/?s={search_term_string}\",\"query-input\":\"required name=search_term_string\"}],\"inLanguage\":\"es\"},{\"@type\":\"WebPage\",\"@id\":\"https:\/\/www.quipux.com\/web\/director\/?lang=pt-br#webpage\",\"url\":\"https:\/\/www.quipux.com\/web\/director\/?lang=pt-br\",\"name\":\"Diretor | Quipux\",\"isPartOf\":{\"@id\":\"https:\/\/www.quipux.com\/web\/#website\"},\"datePublished\":\"2022-10-26T17:20:23+00:00\",\"dateModified\":\"2025-03-13T11:43:48+00:00\",\"inLanguage\":\"es\",\"potentialAction\":[{\"@type\":\"ReadAction\",\"target\":[\"https:\/\/www.quipux.com\/web\/director\/?lang=pt-br\"]}]}]}<\/script>\n<!-- \/ Yoast SEO Premium plugin. -->","_links":{"self":[{"href":"https:\/\/www.quipux.com\/web\/wp-json\/wp\/v2\/pages\/20397","targetHints":{"allow":["GET"]}}],"collection":[{"href":"https:\/\/www.quipux.com\/web\/wp-json\/wp\/v2\/pages"}],"about":[{"href":"https:\/\/www.quipux.com\/web\/wp-json\/wp\/v2\/types\/page"}],"author":[{"embeddable":true,"href":"https:\/\/www.quipux.com\/web\/wp-json\/wp\/v2\/users\/1"}],"replies":[{"embeddable":true,"href":"https:\/\/www.quipux.com\/web\/wp-json\/wp\/v2\/comments?post=20397"}],"version-history":[{"count":4,"href":"https:\/\/www.quipux.com\/web\/wp-json\/wp\/v2\/pages\/20397\/revisions"}],"predecessor-version":[{"id":20440,"href":"https:\/\/www.quipux.com\/web\/wp-json\/wp\/v2\/pages\/20397\/revisions\/20440"}],"wp:attachment":[{"href":"https:\/\/www.quipux.com\/web\/wp-json\/wp\/v2\/media?parent=20397"}],"curies":[{"name":"wp","href":"https:\/\/api.w.org\/{rel}","templated":true}]}}